{"id":2457,"date":"2022-09-21T13:06:36","date_gmt":"2022-09-21T13:06:36","guid":{"rendered":"https:\/\/cc.iotnetpro.com\/?page_id=2457"},"modified":"2023-11-10T09:33:47","modified_gmt":"2023-11-10T09:33:47","slug":"canto","status":"publish","type":"page","link":"https:\/\/ccpascani.ro\/index.php\/canto\/","title":{"rendered":"Canto clasic \u0219i popular"},"content":{"rendered":"<p><em><strong>Vocea ta poate fi cunoscut\u0103!<\/strong><\/em><\/p>\n<p>Ca ramur\u0103 a domeniului cultural-artistic, cercul de canto \u00ee\u0219i propune s\u0103 descopere copii talenta\u021bi pentru a-i ajuta \u0219i \u00eendruma spre o carier\u0103 muzical\u0103. Copiii \u00eenscri\u0219i la acest cerc au posibilitatea de\u00a0a-\u0219i forma deprinderi de tehnic\u0103 vocal\u0103\u00a0\u00een vederea particip\u0103rii la concursuri\u00a0 \u0219i spectacole . De asemenea, prin oferta cercului, copiii vor avea ocazia de\u00a0a c\u00e2nta \u00een fa\u021ba publicului\u00a0\u00eenv\u0103\u021b\u00e2nd s\u0103-\u0219i st\u0103p\u00e2neasc\u0103 emo\u021biile ,\u00a0s\u0103 transmit\u0103 mesajul artistic\u00a0astfel \u00eenc\u00e2t s\u0103 r\u0103m\u00e2n\u0103 \u00een memoria publicului.<\/p>\n<p>Cercul de\u00a0<em>Canto clasic si popular<\/em>\u00a0din cadrul Clubului Copiilor Pa\u0219cani se adreseaz\u0103 elevilor cu v\u00e2rste cuprinse \u00eentre 5 \u0219i 18 ani \u0219i este o oportunitate de dezvoltare a talentelor vocale locale .<\/p>\n<p><strong>CERCUL:<em><u>CANTO CLASIC \u0218I POPULAR<\/u><\/em><\/strong><\/p>\n<p><strong>COORDONATOR<\/strong>:- Prof. NI\u021a\u0102 LAURA-ELENA<\/p>\n<p><strong>\u00a0\u00a0<em>\u00censcrierea se face prin completarea unei cereri tip la sediul unit\u0103\u021bii Clubului Copiilor Pa\u0219cani, Str. V. Alecsandri, Nr. 12.<\/em><\/strong><\/p>\n<p><em>\u00a0\u00a0\u00a0\u00a0\u00a0\u00a0\u00a0\u00a0\u00a0\u00a0 V\u0103 a\u0219tept\u0103m!<\/em><\/p>\n<p>&nbsp;<\/p>\n<pre><code><div class=\"rltdpstsplgn-related-post-block\"><p>No related posts found...<\/p><\/div><\/code><\/pre>\n","protected":false},"excerpt":{"rendered":"<p>Vocea ta poate fi cunoscut\u0103! Ca ramur\u0103 a domeniului cultural-artistic, cercul de canto \u00ee\u0219i propune s\u0103 descopere copii talenta\u021bi pentru a-i ajuta \u0219i \u00eendruma spre o carier\u0103 muzical\u0103. Copiii \u00eenscri\u0219i la acest cerc au posibilitatea de\u00a0a-\u0219i forma deprinderi de tehnic\u0103 vocal\u0103\u00a0\u00een vederea particip\u0103rii la concursuri\u00a0 \u0219i spectacole . De asemenea, prin oferta cercului, copiii vor [&hellip;]<\/p>\n","protected":false},"author":2,"featured_media":0,"parent":0,"menu_order":0,"comment_status":"closed","ping_status":"closed","template":"","meta":{"footnotes":""},"categories":[82],"tags":[],"class_list":["post-2457","page","type-page","status-publish","hentry","category-canto-clasic-si-popular"],"_links":{"self":[{"href":"https:\/\/ccpascani.ro\/index.php\/wp-json\/wp\/v2\/pages\/2457","targetHints":{"allow":["GET"]}}],"collection":[{"href":"https:\/\/ccpascani.ro\/index.php\/wp-json\/wp\/v2\/pages"}],"about":[{"href":"https:\/\/ccpascani.ro\/index.php\/wp-json\/wp\/v2\/types\/page"}],"author":[{"embeddable":true,"href":"https:\/\/ccpascani.ro\/index.php\/wp-json\/wp\/v2\/users\/2"}],"replies":[{"embeddable":true,"href":"https:\/\/ccpascani.ro\/index.php\/wp-json\/wp\/v2\/comments?post=2457"}],"version-history":[{"count":12,"href":"https:\/\/ccpascani.ro\/index.php\/wp-json\/wp\/v2\/pages\/2457\/revisions"}],"predecessor-version":[{"id":3125,"href":"https:\/\/ccpascani.ro\/index.php\/wp-json\/wp\/v2\/pages\/2457\/revisions\/3125"}],"wp:attachment":[{"href":"https:\/\/ccpascani.ro\/index.php\/wp-json\/wp\/v2\/media?parent=2457"}],"wp:term":[{"taxonomy":"category","embeddable":true,"href":"https:\/\/ccpascani.ro\/index.php\/wp-json\/wp\/v2\/categories?post=2457"},{"taxonomy":"post_tag","embeddable":true,"href":"https:\/\/ccpascani.ro\/index.php\/wp-json\/wp\/v2\/tags?post=2457"}],"curies":[{"name":"wp","href":"https:\/\/api.w.org\/{rel}","templated":true}]}}